t is the highest common factor of b and s?
17
Let w(o) = o + 7. Let l be w(-5). Let a be (-3 - 4 - -3) + 4. Let z = a - -16. What is the highest common divisor of l and z?
2
Let d = -1589 + 1761. Calculate the greatest common divisor of d and 1118.
86
Let w be (9/4)/((-42)/(-224)). Let s be w/(-18) + (-56)/(-3). Suppose 0*g - 90 = -2*g. What is the highest common divisor of g and s?
9
Let m(b) = -2*b + 88. Let d be m(41). What is the greatest common divisor of 534 and d?
6
Suppose 2687 = 5*y - 2813. What is the greatest common factor of 44 and y?
44
Suppose -14*v - 431 = 759. Let h be (-2 + -2)*(-23)/(-2). Let d = h - v. Calculate the greatest common divisor of 13 and d.
13
Suppose -5*m = -5*a - 95, 4*m + 2*a + 0*a - 70 = 0. Calculate the greatest common factor of m and 99.
9
Let n be (2/3 - (-1536)/(-9))/(-2). What is the highest common divisor of n and 255?
85
Suppose -50301 = -91*a + 10*a. Calculate the highest common factor of a and 23.
23
Suppose -k + 35 = -3*q, -3*k - 6*q = -2*q - 131. Calculate the greatest common divisor of k and 328.
41
Let k = -66 + 63. Let w(r) = 14*r**2 - 7*r - 11. Let a be w(k). What is the highest common factor of a and 17?
17
Suppose 75*n = 177*n - 1020. Suppose 4*h = h + 12. Let w be h/2 + (-26)/(-2). Calculate the greatest common factor of n and w.
5
Let c(i) = 6*i**2 + 4*i + 2. Let s be c(-3). Suppose 3*f - 76 = -28. Let l be f/6*(-4)/((-24)/9). Calculate the highest common factor of s and l.
4
Suppose 3*u = 5*u + 34. Suppose 0 = -9*k + 4*k + 165. Let r = u + k. What is the greatest common divisor of 144 and r?
16
Suppose 32*m = 26*m + 792. Suppose 0 = 3*g + d - 11 - 28, 5*d = -g + 27. What is the highest common factor of m and g?
12
Suppose 51 = 5*j - 369. Let n = -72 + j. Suppose -19 = 2*o - 283. Calculate the greatest common factor of n and o.
12
Let j(c) = -c - 17. Let y be j(-34). What is the highest common divisor of y and 1139?
17
Let q = 276 + -263. Calculate the greatest common factor of q and 247.
13
Let d be 38*-2*1/2. Let x = -25 - d. Suppose -3*v + 0*v = -3*h + 129, 59 = h - 5*v. What is the highest common factor of h and x?
13
Let g = -3 + 1. Suppose 0 = -4*i + 3*j - 175, 0 = -5*i + 2*j - 3*j - 195. Let x be (i/12)/(g/9). Calculate the greatest common factor of 10 and x.
5
Suppose 2*x + 4*x = 0. Suppose 76 = k - 2*p, x = k + 5*p - p - 46. Let t = -12 + 18. What is the highest common factor of t and k?
6
Let r(v) = 2*v**3 - 5*v**2 - 2*v. Let s be r(4). Calculate the greatest common factor of s and 1280.
40
Let f(o) = -o**2 + 36*o - 60. Let d be f(34). Suppose -3*r + 5*p = -4*r + 25, 5*p = -15. What is the greatest common divisor of r and d?
8
Let z be (-7*(-20)/(-70))/(6/(-129)). Calculate the greatest common divisor of z and 688.
43
Let q = -125 + 209. Let l be 8 + 42/10 + (-5)/25. What is the highest common divisor of q and l?
12
Suppose 2*c = -102 + 590. What is the highest common factor of 793 and c?
61
Let o = 875 - 872. Calculate the highest common divisor of o and 228.
3
Let s(n) = -n**3 - 16*n**2 - 29*n + 10. Let r be s(-14). Calculate the highest common factor of r and 33.
3
Let k(z) = z**2 - 12*z + 116. Let m be k(13). Calculate the greatest common divisor of 43 and m.
43
Let l be 2/(((-1)/5)/((-6)/(-15))). Let t be 876/54 + -5 + l/18. What is the greatest common factor of t and 22?
11
Suppose -5*d + 130 = i, -36*i = -37*i - 3*d + 124. What is the greatest common divisor of i and 5?
5
Let t be (-1)/(1/(-3))*(4 - 3). Let g(d) = 21*d + 5. Let q(p) = -p + 1. Let z(x) = g(x) - 6*q(x). Let f be z(t). What is the highest common divisor of f and 20?
20
Suppose 3*f = 5*m - 11, 0*m + 25 = 3*f + 4*m. Let d(w) = -5*w**2 + 2*w - 3 + w**3 - w**2 - 6. Let t be d(6). What is the highest common divisor of f and t?
3
Let m(w) = 4*w - 6. Let y be m(5). Let c(n) = 14*n**2 + 99*n + 14. Let i be c(-7). What is the highest common divisor of y and i?
7
Let z = -16 - -20. Let b(v) = v. Let c be b(-4). Let g be 2/((-2)/c*2). Calculate the greatest common divisor of z and g.
2
Let i(y) = -y. Let u(n) = -n**2 + 4*n + 5. Let x(w) = 3*i(w) + u(w). Let g be x(0). Suppose g*c - 8*c = -561. Calculate the highest common divisor of c and 17.
17
Let p = -433 - -640. Calculate the highest common factor of 9 and p.
9
Let t = 486 + -333. What is the highest common divisor of t and 51?
51
Let u(g) = g**2 - 11*g - 96. Let n be u(-12). What is the greatest common divisor of 240 and n?
60
Let t(x) = x**2 + 14*x + 13. Let l be t(-24). What is the greatest common divisor of l and 23?
23
Suppose 16*a + 10 = 18*a. Let z be (36/(-30) - (-1)/a) + 5. Calculate the greatest common divisor of z and 56.
4
Suppose 24*q + 46 = 190. What is the greatest common factor of 6 and q?
6
Suppose f - 112 = -2*j, 107 = 3*f - 5*j - 218. Let h = 56 - 51. Suppose -43 = -5*q - 2*a - 1, h*q - 62 = 3*a. What is the highest common factor of q and f?
10
Suppose 3*w - 40 = w. Suppose 11 = -4*y - 13. Let b = y + 16. Calculate the greatest common divisor of w and b.
10
Let l(h) = 2*h**2 - 4*h + 1. Let y be l(3). Let u be (66/y)/(20/140). Calculate the highest common factor of u and 6.
6
Suppose 7*y = -30*y + 12173. Calculate the greatest common divisor of y and 7.
7
Let q be (5 - -4) + -15 + 9. Calculate the highest common factor of 159 and q.
3
Let a = 156 - 32. Suppose 5*x + 4*f = 80 + 83, -2*x - 3*f = -68. Calculate the greatest common factor of x and a.
31
Suppose 360*i + 3240 = 364*i. What is the greatest common divisor of 210 and i?
30
Let d(l) = 2*l**2 - 12*l + 4. Let v be d(6). Suppose -v*j + 5 = -179. Suppose 3*w = o + j, 2*w - 4*o = -6 + 50. Calculate the highest common divisor of 7 and w.
7
Let j(z) = -2*z**3 - 5*z**2 + 7*z + 6. Let t be j(-6). Let b = 353 - 335. What is the highest common factor of t and b?
18
Let g = 1147 - 571. Calculate the highest common factor of 36 and g.
36
Suppose -o + 41 = -0*o. Let v = 117 - 76. What is the highest common divisor of v and o?
41
Let i = 271 - 158. Suppose i - 29 = 3*b. Suppose 5 = 2*p - 3. What is the highest common divisor of b and p?
4
Let f be (23/23)/((-2)/(-14)). Suppose -14 + f = -r. What is the highest common divisor of r and 21?
7
Suppose g - 2*m = 4*g + 95, 0 = -5*g + 3*m - 152. Let u = -22 - g. What is the greatest common divisor of 27 and u?
9
Suppose 3*k - 3*l = -0*k + 1539, l = 5*k - 2585. What is the highest common divisor of 370 and k?
74
Suppose -607 = -7*t + 989. Suppose 0 = -7*p + p + t. What is the highest common factor of 304 and p?
38
Suppose 8*y - 112 = -0*y. What is the highest common factor of y and 112?
14
Let u(f) = f**3 + 23*f**2 - 25*f + 8. Let t be u(-24). What is the greatest common divisor of 1 and t?
1
Let s = -1144 - -1903. Calculate the greatest common divisor of 11 and s.
11
Let v = -89 - -56. Let k = 12 + v. Let l be ((-50)/(-8))/(k/(-420)). Calculate the greatest common factor of l and 50.
25
Suppose -11 = h - 28. Let s(p) = -p**3 - 5*p**2 + 7*p - 15. Let d be s(-7). Calculate the greatest common factor of h and d.
17
Suppose 0 = 5*q - 23 - 27. Suppose 6*u + 104 = q*u. Suppose 2*x = x + u. What is the greatest common factor of x and 39?
13
Let g(k) = 7*k - k**2 + 5*k**2 + 12 - k**2. Let b be g(-5). Calculate the greatest common factor of b and 13.
13
Let f be -4*(199/(-2) + -1). Let m be (-278)/(-4) + (-15)/(-6). Suppose -2*b - m + f = 0. Calculate the highest common factor of 66 and b.
33
Let a = -171 - -179. Let j = -107 + 195. What is the highest common factor of j and a?
8
Suppose -257 = -3*k + 487. Suppose -s = -2, -4*l + 4*s = -0*s - k. Calculate the greatest common factor of l and 16.
16
Let o(k) = -3*k**2 - 3*k**2 + 2*k**2 + 5*k**2 - 3. Let q be o(3). Calculate the greatest common divisor of q and 18.
6
Let p be (-2 - 9)/(6/(-48)*4). Calculate the greatest common factor of 11 and p.
11
Let r(x) = 12*x + 6. Let p be r(3). Let y(u) = 64*u**2 - u. Let l be y(1). Calculate the greatest common factor of p and l.
21
Let b(d) = d. Let m be b(3). Suppose 2*s - m*z = 117, -s - 32 = 4*z - 107. Suppose 452 = -2*n + 466. What is the greatest common factor of s and n?
7
Suppose 2*c - 136 = 5*i, 0 = -2*c + 7*c - i - 294. Calculate the highest common factor of 464 and c.
58
Suppose -2*m = -12*m + 2290. Suppose -3*w = 3*k + k - 131, 4*k - m = -5*w. Calculate the highest co